ase 8, what is 3 - 1332703?
-1332700
In base 12, what is -1b299 + a?
-1b28b
In base 4, what is 222221 + -22?
222133
In base 14, what is a - 8bb4?
-8ba8
In base 14, what is 2 + 198d6?
198d8
In base 8, what is 26 + 12606?
12634
In base 12, what is 71 + 1873?
1924
In base 4, what is -1 - -13103133?
13103132
In base 9, what is -5104 - 1247?
-6352
In base 4, what is 11312 - -3132202?
3210120
In base 6, what is 2352 - 0?
2352
In base 4, what is 232101 - -302?
233003
In base 5, what is 21 + 224033?
224104
In base 2, what is 101 - 10000110001000?
-10000110000011
In base 15, what is -9 + 145?
13b
In base 12, what is 93 + -355?
-282
In base 7, what is 401 + -3113?
-2412
In base 6, what is 131435 - -45?
131524
In base 12, what is -1064 - -29b?
-985
In base 9, what is 444 + 0?
444
In base 4, what is 1211 - 202330?
-201113
In base 16, what is 1 - -16c32?
16c33
In base 2, what is 1001000111101001000111 + -11?
1001000111101001000100
In base 11, what is 4546 - -460?
49a6
In base 8, what is -1772626 + 5?
-1772621
In base 8, what is -342 - 5?
-347
In base 16, what is -691 - 4?
-695
In base 15, what is -5 + 1ed5d?
1ed58
In base 16, what is 1abb2d - -5?
1abb32
In base 5, what is 100 + 202444?
203044
In base 6, what is -1105455 + 14?
-1105441
In base 13, what is -1c21 - -c?
-1c12
In base 16, what is -ed - 378?
-465
In base 15, what is 2d262 - 13?
2d24e
In base 11, what is -38 - -7a16?
7989
In base 8, what is 113442 + -1?
113441
In base 13, what is 18422 - -3?
18425
In base 14, what is 1 + -3a87?
-3a86
In base 8, what is -15 + 2270?
2253
In base 7, what is 51456 + -1?
51455
In base 10, what is -77 + 12808?
12731
In base 4, what is 13 - 30302021?
-30302002
In base 13, what is -46087 - -2?
-46085
In base 9, what is -6622 + -15?
-6637
In base 9, what is 4 + -30855?
-30851
In base 13, what is 47a0 + 2a?
47ca
In base 10, what is 12 + -1060?
-1048
In base 16, what is -7fc + 5?
-7f7
In base 9, what is 3288507 - -4?
3288512
In base 6, what is -3 + -132131?
-132134
In base 14, what is 8955 - -13?
8968
In base 13, what is -6 - 308a8?
-308b1
In base 5, what is 13102434 - 10?
13102424
In base 14, what is -4 + 39a42?
39a3c
In base 7, what is 24310161 + -5?
24310153
In base 15, what is -1a - -162?
147
In base 13, what is -b3 + -277?
-35a
In base 14, what is 264 + -7a?
1c8
In base 3, what is 1 + -10222100100?
-10222100022
In base 7, what is -503 + -6211?
-10014
In base 3, what is 22002 + 1002002?
1101011
In base 3, what is -10000100020 + 10?
-10000100010
In base 8, what is -23216 - 157?
-23375
In base 15, what is 18bc + -6?
18b6
In base 13, what is 8960a + 29?
89636
In base 3, what is -12001 + 20202111?
20120110
In base 4, what is -123110130 - -2?
-123110122
In base 11, what is -4a00 + -5?
-4a05
In base 16, what is 3 - -10ae?
10b1
In base 9, what is -41 - -2708?
2657
In base 14, what is -c95 + -3?
-c98
In base 13, what is -5 - 12890?
-12895
In base 4, what is -3310 - 113?
-10023
In base 2, what is 10011010 + -11101000?
-1001110
In base 4, what is -21 + -12231?
-12312
In base 15, what is -1a + a5?
8a
In base 5, what is -2 - -22040243?
22040241
In base 14, what is b2 + 274?
346
In base 3, what is 12 - 20212002?
-20211220
In base 8, what is -6 - -31463?
31455
In base 15, what is -5 + 512c3?
512bd
In base 16, what is b - f08?
-efd
In base 11, what is 2352 + -313?
203a
In base 6, what is -425014 - 2?
-425020
In base 16, what is 1b + 33071?
3308c
In base 7, what is 1345 + -1050?
265
In base 12, what is -1b0 - -6?
-1a6
In base 5, what is -120 + 10413?
10243
In base 3, what is -12 + 1002221222112?
1002221222100
In base 3, what is 2101020122102 + -12?
2101020122020
In base 4, what is 1023221 - -21?
1023302
In base 6, what is -1532032 + -34?
-1532110
In base 2, what is 101 - 1000001011111001000?
-1000001011111000011
In base 13, what is 3b - -3037?
3075
In base 15, what is -3a12 + 2?
-3a10
In base 14, what is -4 + -1590?
-1594
In base 12, what is -51b4b1 + -2?
-51b4b3
In base 2, what is 11110010000 + 11001111?
100001011111
In base 16, what is -16f - -25?
-14a
In base 9, what is -3 + 7512?
7508
In base 14, what is -10 + -1ba0?
-1bb0
In base 13, what is c644 - -4?
c648
In base 15, what is 3e6d6 + -3?
3e6d3
In base 7, what is 2121141 - 2?
2121136
In base 13, what is -19 - 103b?
-1057
In base 14, what is -70 - 62d?
-69d
In base 16, what is 14 + 1664?
1678
In base 14, what is 1 - 108268?
-108267
In base 5, what is 1324 + 1001?
2330
In base 10, what is -40377 + -11?
-40388
In base 10, what is -4 + -5713?
-5717
In base 7, what is 35 + 423405?
423443
In base 7, what is 321 - 13420?
-13066
In base 8, what is 0 - 725200?
-725200
In base 12, what is -128126 - -4?
-128122
In base 10, what is -1777 + -11?
-1788
In base 13, what is -6 + -25c13?
-25c19
In base 3, what is -111021 + 22?
-110222
In base 11, what is -1 - -11749?
11748
In base 2, what is -101101001101 - 1000?
-101101010101
In base 5, what is 2 + -1333120?
-1333113
In base 11, what is -113 - 3937?
-3a4a
In base 5, what is -2404341 - -13?
-2404323
In base 14, what is 2 - 8191?
-818d
In base 7, what is -2134650 + 5?
-2134642
In base 2, what is -111100 + -100101110?
-101101010
In base 10, what is -918 + 1125?
207
In base 4, what is 32 - -112333?
113031
In base 10, what is 7245627 + 0?
7245627
In base 10, what is -54 + 5652?
5598
In base 9, what is -46 - -677?
631
In base 16, what is 91 + f?
a0
In base 8, what is -4 + 1145250?
1145244
In base 9, what is 1117 - -24?
1142
In base 4, what is 1 - 2102132?
-2102131
In base 7, what is -5 - -15560244?
15560236
In base 16, what is 1d + 297?
2b4
In base 15, what is -372 + 540?
1bd
In base 6, what is -25414 - 354?
-30212
In base 9, what is -174 - 81?
-265
In base 13, what is -49b2 + -1?
-49b3
In base 4, what is -2003230123 - 2?
-2003230131
In base 9, what is 3 - -14528?
14532
In base 12, what is 27288 + -4?
27284
In base 16, what is 2 + -5993c?
-5993a
In base 12, what is 7 + b4?
bb
In base 15, what is 273d + 10a?
2848
In base 15, what is 4 - -302?
306
In base 13, what is 2672 - 25?
264a
In base 15, what is -2c - 29c0?
-29ec
In base 14, what is 13 - 11ca?
-11b7
In base 12, what is -19116 - -4?
-19112
In base 4, what is 110 + 322313?
323023
In base 12, what is -71bb - -85?
-7136
In base 8, what is 3355 + 4?
3361
In base 12, what is -7a86 + -5?
-7a8b
In base 16, what is -e2e - -5?
-e29
In base 13, what is -1bc9 - 30b?
-2207
In base 5, what is 144113312 + -3?
144113304
In base 3, what is -1102010 + 12110?
-1012200
In base 14, what is -5 - 272b?
-2732
In base 4, what is -2033122303 - 1?
-2033122310
In base 7, what is 6516 + 356?
10205
In base 7, what is 4030 + 22?
4052
In base 11, what is 5 + 11970?
11975
In base 3, what is 12212022 + -10002?
12202020
In base 15, what is 373 + 39?
3ac
In base 12, what is 52305 - -3?
52308
In base 16, what is -f2b - -10?
-f1b
In base 9, what is -122508 - -4?
-122504
In base 11, what is 9676 - 1?
9675
In base 2, what is -11010 - 101011001101011?
-101011010000101
In base 7, what is 5312 + 22?
5334
In base 2, what is 100 + 11001101010001010?
11001101010001110
In base 10, what is -1189603 - -3?
-1189600
In base 8, what is -301725 - 1?
-301726
In base 7, what is 60460 - -24?
60514
In base 9, what is -128356 + -4?
-128361
In base 9, what is -114 + -88?
-213
In base 7, what is 26 + 15345?
15404
In base 16, what is 3f + 11d?
15c
In base 11, what is 91 - -1128?
1209
In base 4, what is 12210312 - 120?
12210132
In base 11, what is 13a + -5397?
-5258
In base 15, what is -b + -9a1?
-9ac
In base 5, what is -210 - 11420?
-12130
In base 3, what is 20 - 11210022?
-11210002
In base 7, what is -20306 + 55?
-20221
In base 9, what is -44 - 471?
-525
In base 6, what is 2131404 - -5?
2131413
In base 6, what is 434343 - -10?
434353
In base 7, what is 3212116 - -5?
3212124
In base 13, what is -a0 - -44?
-59
In base 7, what is -1341 - 15?
-1356
In base 10, what is 64619 - 8?
64611
In base 7, what is 0 - -26354?
26354
In base 16, what is 5881 + 37?
58b8
In base 12, what is 308 - 13?
2b5
In base 16, what is -15 + -535?
-54a
In base 4, what is 1121013 + 3?
1121022
In base 8, what is -2 + -25270?
-25272
In base 6, what is -115502 + 3?
-115455
In base 3, what is 212112221 - 211?
212112010
In base 6, what is 132411 + 2?
132413
In base 10, what is -53296 + 1?
-53295
In base 15, what is -3 - -84169?
84166
In 